Let y(c) = 1290*c + 95. What is the tens digit of y(5)?
4
Let z = 53 - 51. Let h = z + 19. What is the tens digit of h?
2
Let g be (-1)/1*30/(-10). Suppose -2 = o - 6*f + 4*f, 4*f - 4 = -4*o. Suppose o = g*m - m - 120. What is the units digit of m?
0
Let v(g) = g**2 + 6*g + 10. Let w be v(-4). Let a be (23 - (-2 + w))*4. Suppose 0 = -8*z + a + 92. What is the units digit of z?
3
Suppose 5*v = -3*m - 126, m - 63 = 2*v - 2*m. What is the units digit of ((-34)/4)/(v/54)?
7
Suppose -7*c = -10*c + 3114. What is the hundreds digit of c?
0
Suppose 0 = y - 2 - 0. Let q(n) = 0 + 5 + n - 2*n + y*n. What is the units digit of q(10)?
5
Let l = 9 - -10. Let k = l - 12. What is the tens digit of 50/(((-14)/(-3))/k)?
7
Let f(m) = -m**2 + m + 29. Let j be f(0). Let g(q) = 12*q**3 + 3*q**2 - q. Let l be g(2). Suppose 0 = -5*x + l + j. What is the units digit of x?
7
Let j = 62 - 16. Suppose -5*v - y = y - 79, 4*y = 2*v - 22. What is the tens digit of j/((-3)/v*-5)?
4
Suppose -11*f + 1033 = 307. Let i(j) = j**3 - 5*j**2 + 3. Let h be i(5). Suppose 0*a - h*a = -f. What is the units digit of a?
2
Let q = 1928 - 1318. Suppose -3*c + 5*c - q = 0. Suppose 125 - c = -6*f. What is the tens digit of f?
3
Let f be 7 + (-9)/(-6)*-2. Suppose -2*q = -f*q + 130. What is the units digit of q?
5
Let f(a) = 9*a**2 - 2*a - a**2 - a**2 + a**3 - 7 + 4*a. What is the units digit of f(-6)?
7
Suppose 5*g = l - 0*l - 277, -564 = -2*l + 5*g. Let r = l - 182. What is the hundreds digit of r?
1
Let o(f) = -f**3 + 9*f**2 + f - 1. What is the units digit of o(6)?
3
Let c = -217 - -655. What is the tens digit of c?
3
Let o(q) be the first derivative of q**3/3 - 4*q**2 - 36*q + 3. What is the units digit of o(13)?
9
Let w(x) = 15*x**2 - 10*x. What is the thousands digit of w(11)?
1
Suppose -m - 2*w + 1 = -1, -m + 4*w = 4. Suppose -5*y = 2*i - 18, 0 = -5*i + 2*i + 12. Suppose 3*x - y*x - 3 = m. What is the units digit of x?
3
Let z = 11 - 15. What is the units digit of 1479/27 + z/(-18)?
5
Let u be (-4)/32 - (-31)/(-8). Let m be (-538)/15 + u/30. What is the tens digit of (-8)/m - (-277)/9?
3
Suppose 3*i - i = 3*o - 44, -86 = 4*i - 5*o. Let s be -2*2 - (i + 15). Suppose -2*q - 99 = -4*q - v, 3*q - 5*v - 181 = s. What is the tens digit of q?
5
Let s = 7 + -4. Suppose 0 = -33*v + 31*v + 24. Let w = v + s. What is the tens digit of w?
1
Let g(x) = 0*x + x - 5 - x**3 + 2*x**2 + 8. What is the tens digit of g(-4)?
9
Suppose -18 = -2*y + 3*y. Let m = -10 - y. Suppose -2*x + 0 = -m. What is the units digit of x?
4
Let m(j) = j**3 + 11*j**2 - 18*j - 9. Let c be m(-12). Suppose 0 = i + 6*i - c. What is the units digit of i?
9
Let b(u) = 5*u - 8*u + 6 - 7*u. What is the tens digit of b(-7)?
7
Let c = -9 + 12. Suppose 5*f - 21 = t, -3 + 5 = c*t - 2*f. What is the tens digit of (-132)/(-13) + t/(-26)?
1
Let l be 3/((-3 + 1)/2). What is the tens digit of l + (3 - 212/(-1))?
1
Let i(p) = -p**3 + 21*p**2 + 28*p + 32. What is the tens digit of i(21)?
2
Suppose 9 = 3*z + 3. Suppose 0 = -j + z + 2. Suppose 40 = j*k - 20. What is the tens digit of k?
1
Let r(g) = 370*g - 525. What is the hundreds digit of r(3)?
5
Let w(z) be the third derivative of z**7/280 + z**6/360 - z**4/24 - z**3/3 + 6*z**2. Let x(u) be the first derivative of w(u). What is the units digit of x(1)?
3
Suppose -2*v - 41 = 5*m - 2924, 5*v - 7255 = -3*m. What is the tens digit of v?
5
What is the tens digit of (-65)/520 + 3321/8?
1
Let r(u) = 91*u - 1. Let y be r(1). Let g = 126 - y. What is the units digit of (-10)/(-3)*g/20?
6
Suppose -5*t = -3*v - 4121, 1642 = 2*t - 10*v + 12*v. What is the tens digit of t?
2
Let u = -126 + 2298. What is the tens digit of u?
7
Suppose -2*k + p - 29 = 2*k, 3*k - 2 = -4*p. Let r = -4 - k. Suppose -r*n = n - 6. What is the units digit of n?
2
Suppose 5*b + 3*g - 8*g - 30 = 0, -g = -2*b + 16. Suppose 0 = b*y - 5*y - 55. Suppose -j - 29 = -2*k, 9 + y = -4*j. What is the tens digit of k?
1
Let t be -1 + (3 - (-2 + -1)). Suppose -231 + 6 = -t*k. Suppose -4*i - 33 = -3*u, 2*u + i + 4*i = k. What is the units digit of u?
5
Suppose v - 507 + 122 = -5*i, 0 = -5*v - i + 1877. What is the hundreds digit of v?
3
Let a(f) = -198*f - 4. Let t be a(-1). Let z = -89 + t. What is the tens digit of z?
0
Let q(t) = -t**3 - 2*t**2 - 4. Let v be q(-3). Suppose b + 4*z - 17 = 0, -z + v*z = 20. What is the tens digit of 1 - b - (-200)/4?
5
Suppose 6 = b + 3, -3*o = 4*b - 27. Suppose o*h - 7 - 19 = -2*p, 0 = 4*p - h - 30. What is the units digit of 4*2/8 + p?
9
Let m(v) = -v**3 + 5*v**2 - v + 5. Let n be m(4). Let g = 25 - n. Suppose -g = -3*i - i. What is the units digit of i?
2
Let g(h) = -h**2 + h. Let x(d) = 5*d**2 - 13*d + 4. Let u be 1 - (3/1 - 1). Let k(b) = u*x(b) - 6*g(b). What is the units digit of k(-8)?
4
Let y be 0 + -42 - 8/(-2). Let j = y + 68. What is the units digit of j?
0
Suppose -8*y + 184 = -6*y. Let r = y + -32. Let f = r + -39. What is the units digit of f?
1
Suppose 2*d - 2*q - 18 = -3*d, 0 = -5*q - 20. Suppose d*x + 3 = 19. What is the units digit of x/28 + (-40)/(-7)?
6
Let x(b) = -b - 4. Suppose -6*i - 45 = -i. Let q be x(i). What is the units digit of q/(-1) - -3 - -10?
8
Suppose -7 = r - 0*r - 2*x, -5*r = x - 9. Suppose 2*q - 18 = 3*h, -5*h = 2*q - r - 1. Suppose 0 = -2*s - 6, -q*u - 2 = -5*u + 2*s. What is the units digit of u?
4
Let a be ((-12)/18)/((-2)/9). Suppose -n + 11 = h, 5*h - a*n - 14 = 1. Suppose h*c = 77 + 121. What is the units digit of c?
3
What is the hundreds digit of -24*((-1690)/(-8))/(-5)?
0
Suppose 6564 + 852 = 12*o. What is the hundreds digit of o?
6
Let k be 4 + 5/(-35)*-7. Let o(a) = 132*a**2 + 1. Let m be o(1). Suppose 2*l + l - m = k*g, -g + 31 = l. What is the units digit of l?
6
Let d = -33 - -18. Let g = 68 - d. What is the units digit of g?
3
What is the hundreds digit of (474759/(-36))/17*-4?
1
Let o(a) = -a**3 + 14*a**2 + 19*a - 52. Let n be o(15). Suppose 687 + 793 = n*r. What is the tens digit of r?
8
Let v(j) = j**2 + 5*j**2 - 5*j**2 + 4. Let k = 4 + -7. What is the tens digit of v(k)?
1
Suppose 12 = 5*k + 2. Let q(d) = 6*d**2 - 3*d + 1. Let b be q(k). Let g = 22 + b. What is the tens digit of g?
4
Let u be (8/16)/((-2)/(-4)). Let b(f) = -7*f + 2*f**2 - u - 8 - 1. What is the tens digit of b(-4)?
5
Let h(q) = -q**3 - 4*q**2 - 2*q - 5. Let d be h(-5). Let r = -3 + d. What is the tens digit of r?
2
Let y be 0 + 4 + 2/((-2)/(-3)). Suppose -8*b + 78 = -y*b. What is the tens digit of b?
7
Let r(k) = k**3 + 3*k**2 - k - 1. Let n be r(1). Suppose 4*b = 5*p + 1079, 5*p + 540 = n*b + 3*p. What is the tens digit of b?
7
Suppose -11*u + 18135 = -18583. What is the tens digit of u?
3
Let o = -553 + 1109. What is the tens digit of o?
5
Let m(h) = -h + 5. Let p be m(6). Let a(s) = -80*s**3 + 9*s + 4. Let q(v) = -40*v**3 + 4*v + 2. Let b(l) = -3*a(l) + 7*q(l). What is the units digit of b(p)?
1
Let x(b) = -47*b - 30. Let n be x(-7). Let h = n - 179. What is the hundreds digit of h?
1
Let l = -16 - -30. Let w = 12 - l. Let r(m) = -4*m**3 + 2*m**2 - 2*m - 3. What is the tens digit of r(w)?
4
Suppose 0 = 5*n + 3*i - 6*i - 2240, 0 = 2*n + 3*i - 896. Suppose 2*m - n = -3*c, 5*c - m + 0*m - 725 = 0. What is the hundreds digit of c?
1
Let w be 82/6 - (-2)/6. Let c = w + -7. Suppose 4*j - c = 5*v - 4*v, 3*j + 2*v + 3 = 0. What is the units digit of j?
1
Suppose 2*k = 4*l - 2, 7*l - 3*k + 3 = 4*l. Suppose -p = l*z - 31, -10 = 5*z - 0. What is the tens digit of p?
3
Let h be (-8)/(-12) + 112/12. Let t = h - 12. Let i = 9 - t. What is the tens digit of i?
1
Let k(a) = -a + 0*a - 2*a. Let y be k(6). What is the tens digit of (96/14)/(y/(-126))?
4
Let m(y) = y**3 - 3*y**2 - 3*y - 4. Let n be m(4). Suppose 2*f - 5*f + 510 = n. Suppose -4*g = -9*g + 5*d + f, 0 = -4*d. What is the tens digit of g?
3
Let y = -1042 - -2184. What is the thousands digit of y?
1
What is the units digit of (-26856)/(-36)*(-1 - -2)?
6
Suppose 0 = -5*b - 5, 7*c = 4*c - 3*b + 3840. What is the tens digit of c?
8
Suppose -20 = -0*i - 5*i. Suppose -3*t = -3*p + 106 - 19, -p - i*t + 44 = 0. What is the units digit of p?
2
Suppose -16*r + 627 = -5*r. Let q = r - -27. What is the tens digit of q?
8
Let j be 140/(-15) - 2/(-6). Let y = -9 - j. Suppose -2*o + 2 = -y. What is the units digit of o?
1
What is the tens digit of (0